s s(-2)?
-193
Let n(a) = 13*a**3 + 1771*a**2 - 6852*a + 1122. Determine n(-140).
2
Let o(i) = -232*i - 67198. Determine o(-304).
3330
Let t(z) = 41*z**2 + 1176*z + 798. Give t(-28).
14
Let q(v) = 698*v + 67950. Give q(-100).
-1850
Let q(k) = -k**2 + 1249*k + 38409. What is q(-30)?
39
Let l(g) = 1027*g + 12192. Determine l(-12).
-132
Let x(c) = 16755*c + 150800. What is x(-9)?
5
Let n(u) = 719*u - 69949. Calculate n(95).
-1644
Let s(c) = 16*c**2 - 66*c - 16. Calculate s(-6).
956
Let n(j) = -j**3 - 36*j**2 + 70*j - 131. Determine n(-38).
97
Let k(y) = 5*y**2 - 803*y + 8694. What is k(11)?
466
Let t(p) = p**3 - 40*p**2 + 32*p + 104. Calculate t(0).
104
Let a(g) = -g**3 + 322*g - 504. Give a(0).
-504
Let o(j) = -187882*j - 7. What is o(0)?
-7
Let v(w) = 139308*w + 13512862. Calculate v(-97).
-14
Let y(z) = 293*z + 133782. Calculate y(-457).
-119
Let o(g) = -145*g + 3597. What is o(28)?
-463
Let f(w) = -409*w - 23910. Calculate f(-50).
-3460
Let p(l) = -281272*l + 281065. Determine p(1).
-207
Let a(h) = 3*h**2 - 101*h - 1959. What is a(-17)?
625
Let j(g) = 15*g**3 + 82*g**2 - 13*g + 37. Determine j(-6).
-173
Let y(l) = -7*l**2 + 31*l + 175. What is y(17)?
-1321
Let h(x) = x**3 + 71*x**2 - 39536*x - 2841419. Determine h(-72).
-11
Let s(w) = 372*w - 46913. Calculate s(126).
-41
Let p(f) = -188*f - 8839. Determine p(-51).
749
Let i(z) = -3*z**3 - 60*z**2 - 15*z + 2. What is i(-19)?
-796
Let s(j) = j**2 - 3687*j - 7365. What is s(-2)?
13
Let p(z) = -5*z**2 + 169*z - 1268. What is p(8)?
-236
Let q(v) = 21676*v + 1691064. Determine q(-78).
336
Let r(a) = -2*a**3 - 94*a**2 + 7*a + 11921. Determine r(-44).
-3
Let f(j) = 7*j**3 + 104*j**2 + 239*j - 27. Calculate f(-3).
3
Let u(z) = z**3 - 382*z**2 + 384*z - 1192. Give u(381).
-49
Let y(t) = 1811*t + 27160. Calculate y(-15).
-5
Let f(i) = -2*i**3 + 19*i**2 - 147*i + 750. Give f(7).
-34
Let q(u) = 4251*u + 1313550. Give q(-309).
-9
Let k(a) = -42*a + 3686. Determine k(89).
-52
Let c(f) = f**2 - 2999*f + 12003. Calculate c(4).
23
Let g(b) = -3*b**2 + 241*b + 3961. What is g(-13)?
321
Let q(n) = 4*n**2 + 843*n + 44394. Determine q(-103).
1
Let h(s) = -9*s**3 + 78*s**2 - 123*s - 7. Give h(7).
-133
Let o(h) = 548666*h + 1646009. Give o(-3).
11
Let o(d) = -1711*d**3 + 15*d**2 - 23*d + 6. Calculate o(1).
-1713
Let f(d) = -1615*d**2 + 9726*d - 1. What is f(6)?
215
Let z(a) = -a**2 - 108*a + 113. Calculate z(-109).
4
Let f(d) = d**3 - 71*d**2 + 24*d - 6752. Give f(72).
160
Let v(g) = 2763*g - 4990. Give v(2).
536
Let a(f) = 1718*f + 2700. Calculate a(-2).
-736
Let l(m) = 598*m - 198165. Calculate l(331).
-227
Let i(c) = c**3 - 36*c**2 - 262*c - 123. Give i(43).
1554
Let c(v) = 49751*v + 447790. Calculate c(-9).
31
Let o(p) = 12770*p - 13319. What is o(1)?
-549
Let d(l) = -l**3 + 81*l**2 - 20*l + 78. Give d(81).
-1542
Let z(x) = -x**3 + 548*x**2 + 974*x + 69286. Calculate z(550).
-14
Let m(u) = -4*u**3 - 6*u**2 + 331*u - 1798. Calculate m(6).
-892
Let t(r) = -15205*r + 5762730. What is t(379)?
35
Let j(l) = -l**2 - 724*l - 44612. Determine j(-68).
-4
Let r(t) = 2*t**3 - 140*t**2 - 603*t + 321. What is r(74)?
-493
Let j(b) = -b**2 + 3061*b + 52346. Calculate j(-17).
20
Let w(o) = o**3 - 166*o**2 - 4792*o + 84102. Give w(189).
-3
Let s(q) = q**3 - 239*q**2 - 10522*q - 561. Give s(277).
547
Let m(u) = -u**2 - 2284*u + 41398. Determine m(18).
-38
Let k(q) = -q**3 + 616*q**2 + 144259*q - 1726. Calculate k(797).
-132
Let k(w) = -5*w**2 - 5041*w - 40002. Give k(-8).
6
Let y(f) = f**2 + 1176*f + 12967. Give y(-11).
152
Let f(i) = -6890*i + 358287. Calculate f(52).
7
Let u(n) = -176*n**2 - 483*n + 482. Determine u(1).
-177
Let v(j) = -2*j**2 - 5013*j - 216760. Give v(-44).
-60
Let z(w) = 4*w**2 + 71*w - 3198. Give z(30).
2532
Let a(o) = 2085*o - 257945. Determine a(124).
595
Let u(b) = 3*b**3 - 181*b**2 - 80*b - 2626. Determine u(61).
-64
Let n(r) = r**3 + 494*r**2 + 1014*r + 16425. Calculate n(-492).
1665
Let c(i) = 15*i**2 + 257*i - 84. Give c(0).
-84
Let j(a) = 2*a**3 - 2*a**2 - 871*a + 63. Give j(0).
63
Let k(r) = -2*r**2 - 407*r - 6278. Determine k(-16).
-278
Let l(k) = 182725*k**2 + 182723*k - 3. Calculate l(-1).
-1
Let p(x) = -4*x**3 - x**2 - 3890*x - 7787. Determine p(-2).
21
Let q(w) = 394*w - 70610. What is q(179)?
-84
Let j(h) = 1862*h + 333542. Give j(-179).
244
Let d(z) = 1377*z + 20657. Give d(-15).
2
Let o(a) = 5658*a - 2070830. What is o(366)?
-2
Let r(v) = -v**2 - 274*v - 12975. Determine r(-50).
-1775
Let l(v) = v**3 - 10*v**2 + 104*v - 2004. Give l(12).
-468
Let z(j) = -2*j**2 - 2687*j + 29767. Give z(11).
-32
Let p(x) = -37188*x - 1784911. Give p(-48).
113
Let z(b) = b**2 - 92*b - 760. What is z(104)?
488
Let s(w) = 2619*w - 38830. Give s(15).
455
Let y(h) = -13*h**3 + 3794*h**2 + 737*h - 44679. Give y(292).
-3
Let h(q) = 2*q**2 - 834*q + 20993. Give h(26).
661
Let a(v) = v**3 - 17*v**2 + 64*v + 74. Calculate a(7).
32
Let m(c) = 255*c + 43408. Give m(-170).
58
Let g(a) = -11*a**3 + 5*a**2 - 393*a + 2502. Calculate g(6).
-2052
Let y(n) = -n**3 + 282*n - 1375. Give y(14).
-171
Let h(k) = 26*k - 3035. What is h(59)?
-1501
Let p(z) = 4*z**3 - 60*z**2 - 371*z - 90. Determine p(-5).
-235
Let v(x) = -129961*x - 909746. Calculate v(-7).
-19
Let q(c) = 2814*c - 393956. Give q(140).
4
Let t(i) = -i**2 + 5596*i - 211213. What is t(38)?
-9
Let i(x) = -4453*x**3 - x**2 - 24*x + 26. Give i(1).
-4452
Let a(o) = -2*o**3 - 81*o**2 - 448*o - 335. Determine a(-35).
1870
Let m(z) = -725*z**2 - 14459*z - 14. Calculate m(-20).
-834
Let q(v) = 4763*v + 61896. Calculate q(-13).
-23
Let j(o) = -48*o**2 + 19528*o + 3259. What is j(407)?
3
Let b(r) = 85*r**3 - 2*r**2 + 15*r - 15. Calculate b(3).
2307
Let w(c) = 310*c**2 - 35642*c + 108. Give w(115).
1028
Let c(m) = -675*m + 5635. Give c(8).
235
Let r(n) = -n**2 - 177013*n - 3716817. What is r(-21)?
15
Let z(r) = -48*r**2 - 3074*r - 107. Determine z(-64).
21
Let l(b) = -b**3 + 27*b**2 + 30037*b - 810990. Calculate l(27).
9
Let h(z) = 350*z - 3592. Calculate h(9).
-442
Let t(g) = 3452*g + 273567. Calculate t(-79).
859
Let o(a) = 76*a**2 - 497*a + 5. What is o(8)?
893
Let y(v) = 6*v**2 - 154*v + 1353. Determine y(14).
373
Let d(z) = 2*z**3 + 3*z**2 + 1825*z + 7342. Calculate d(-4).
-38
Let y(f) = 6606*f - 72300. Calculate y(11).
366
Let o(i) = 2*i**3 + 626*i**2 + 597*i - 8475. Give o(-312).
-51
Let w(y) = y**3 - 233*y**2 + 556*y - 75078. What is w(232)?
90
Let n(t) = -5614*t + 67505. What is n(12)?
137
Let i(u) = -u**2 + 235*u - 10135. Give i(144).
2969
Let v(u) = -2*u**2 - 35099*u + 737956. Calculate v(21).
-5
Let f(s) = -2*s**2 + 1216*s - 47573. Calculate f(42).
-29
Let g(b) = -27803*b - 972974. Calculate g(-35).
131
Let w(y) = 308*y - 6472. Calculate w(21).
-4
Let f(p) = 2*p**2 + 937*p + 22124. Calculate f(-25).
-51
Let d(h) = 2233*h - 100399. Give d(45).
86
Let y(v) = -17*v**3 - 19*v**2 + 30*v - 10. What is y(1)?
-16
Let k(a) = 14521*a + 740549. What is k(-51)?
-22
Let y(x) = 40365*x**2 + 565107*x - 43. What is y(-14)?
-1
Let o(g) = -3*g**2 - 152*g + 1155. Give o(-57).
72
Let m(b) = b**3 - 13*b**2 + 2532*b - 30244. Determine m(12).
-4
Let p(b) = -7*b**3 + 124*b**2 + 140*b - 1211. Calculate p(18).
661
Let c(l) = -63*l - 15893. What is c(-256)?
235
Let j(m) = 193*m**3 + 19*m**2 - 27*m + 20. What is j(2)?
1586
Let q(w) = 11*w**2 + 944*w + 2008. Determine q(-84).
328
Let n(m) = 797*m - 72495. What is n(91)?
32
Let y(s) = s**3 - 703*s**2 + 4170*s + 8338. What is y(697)?
-26
Let g(t) = 14*t**2 - 41*t - 552. What is g(8)?
16
Let i(p) = 11329*p - 113293. Determine i(10).
-3
Let r(p) = p**3 - 29*p**2 - 1233*p + 31535. Calculate r(23).
2
Let b(z) = 5*z**2 - 62296*z + 373618. Give b(6).
22
Let f(d) = d**2 + 84127*d - 8254057. Determine f(98).
-7
Let j(d) = -6*d**2 + 431*d - 5126. Calculate j(15).
-11
Let b(i) = -2*i**2 + 13*i + 498. Determine b(20).
-42
Let h(w) = -25*w**2 + 597*w + 96. Determine h(24).
24
Let d(u) = 9*u**2 + 765*u + 13678. What is d(-61)?
502
Let x(l) = 2*l**2 - 17442*l + 434799. Determine x(25).
-1
Let j(s) = 35*s**2 - 1188*s + 7200. Calculate j(26).
-28
Let v(w) = 5*w**3 - 685*w**2 - 269*w + 36836. Determine v(137).
-17
Let t(l) = 2974*l - 1397738. Give t(470).
42
Let d(h) = -273*h - 1101. Determine d(-7).
810
Let a(n) = -2*n**2 + 47*n + 1270. Give a(30).
880
Let a(o) 